ainder when 6015 is divided by 315?
30
What is the remainder when 880 is divided by 255?
115
Calculate the remainder when 29716 is divided by 376.
12
What is the remainder when 6697 is divided by 11?
9
Calculate the remainder when 4829 is divided by 109.
33
What is the remainder when 1424 is divided by 607?
210
Calculate the remainder when 10351 is divided by 136.
15
What is the remainder when 3017 is divided by 70?
7
What is the remainder when 239415 is divided by 129?
120
Calculate the remainder when 938 is divided by 86.
78
What is the remainder when 2811617 is divided by 133?
130
What is the remainder when 31268 is divided by 1488?
20
What is the remainder when 6414173 is divided by 77?
73
What is the remainder when 44130 is divided by 14708?
6
Calculate the remainder when 5600 is divided by 119.
7
Calculate the remainder when 123630 is divided by 14.
10
What is the remainder when 74661 is divided by 51?
48
What is the remainder when 1368122 is divided by 31?
30
Calculate the remainder when 1491 is divided by 1474.
17
Calculate the remainder when 2859 is divided by 24.
3
Calculate the remainder when 352501 is divided by 98.
93
What is the remainder when 4922 is divided by 381?
350
Calculate the remainder when 1882 is divided by 153.
46
What is the remainder when 79790 is divided by 39895?
0
What is the remainder when 276910 is divided by 179?
176
Calculate the remainder when 46919 is divided by 33.
26
What is the remainder when 1205 is divided by 273?
113
What is the remainder when 37010 is divided by 173?
161
Calculate the remainder when 5224 is divided by 134.
132
Calculate the remainder when 3724 is divided by 732.
64
What is the remainder when 769514 is divided by 256502?
8
What is the remainder when 2570 is divided by 224?
106
What is the remainder when 13595 is divided by 61?
53
What is the remainder when 1562 is divided by 225?
212
Calculate the remainder when 24600 is divided by 912.
888
Calculate the remainder when 930 is divided by 132.
6
Calculate the remainder when 4308 is divided by 3920.
388
Calculate the remainder when 93867 is divided by 79.
15
What is the remainder when 2681179 is divided by 502?
499
What is the remainder when 15627 is divided by 15517?
110
Calculate the remainder when 57 is divided by 37.
20
What is the remainder when 9716 is divided by 1655?
1441
Calculate the remainder when 76351 is divided by 15267.
16
What is the remainder when 1025 is divided by 220?
145
What is the remainder when 1966523 is divided by 82?
81
What is the remainder when 9177 is divided by 1311?
0
Calculate the remainder when 32434 is divided by 7.
3
What is the remainder when 12778 is divided by 12187?
591
Calculate the remainder when 14728 is divided by 328.
296
Calculate the remainder when 11018 is divided by 723.
173
Calculate the remainder when 4283 is divided by 254.
219
What is the remainder when 1251 is divided by 329?
264
What is the remainder when 29871 is divided by 21?
9
What is the remainder when 6160 is divided by 74?
18
What is the remainder when 63330 is divided by 227?
224
What is the remainder when 2120 is divided by 1090?
1030
What is the remainder when 5392 is divided by 93?
91
Calculate the remainder when 8685 is divided by 924.
369
Calculate the remainder when 1525991 is divided by 156.
155
What is the remainder when 1269 is divided by 313?
17
What is the remainder when 2230 is divided by 909?
412
Calculate the remainder when 13952 is divided by 750.
452
Calculate the remainder when 1231 is divided by 518.
195
What is the remainder when 130745 is divided by 77?
76
Calculate the remainder when 19745 is divided by 9856.
33
What is the remainder when 63140 is divided by 283?
31
Calculate the remainder when 9058 is divided by 2401.
1855
What is the remainder when 6744 is divided by 2428?
1888
Calculate the remainder when 3456 is divided by 153.
90
Calculate the remainder when 37923 is divided by 31.
10
Calculate the remainder when 5045 is divided by 5018.
27
Calculate the remainder when 4200 is divided by 526.
518
Calculate the remainder when 8507 is divided by 12.
11
What is the remainder when 40951 is divided by 308?
295
What is the remainder when 1516 is divided by 12?
4
What is the remainder when 890 is divided by 410?
70
What is the remainder when 8100 is divided by 208?
196
What is the remainder when 30694 is divided by 14?
6
Calculate the remainder when 319516 is divided by 1098.
1096
What is the remainder when 742016 is divided by 20?
16
Calculate the remainder when 10048 is divided by 156.
64
What is the remainder when 1323 is divided by 1206?
117
Calculate the remainder when 77690 is divided by 38844.
2
What is the remainder when 276330 is divided by 71?
69
What is the remainder when 4060 is divided by 291?
277
What is the remainder when 795 is divided by 723?
72
What is the remainder when 12947 is divided by 15?
2
What is the remainder when 13481 is divided by 6712?
57
Calculate the remainder when 313118 is divided by 38.
36
What is the remainder when 1963 is divided by 628?
79
Calculate the remainder when 17369 is divided by 17366.
3
What is the remainder when 1848047 is divided by 258?
251
What is the remainder when 3010 is divided by 364?
98
Calculate the remainder when 846043 is divided by 47.
43
What is the remainder when 372577 is divided by 35?
2
Calculate the remainder when 5365 is divided by 356.
25
What is the remainder when 33162 is divided by 62?
54
What is the remainder when 2604 is divided by 341?
217
Calculate the remainder when 5621 is divided by 21.
14
What is the remainder when 782755 is divided by 9?
7
Calculate the remainder when 33826 is divided by 380.
6
What is the remainder when 1543 is divided by 299?
48
Calculate the remainder when 9832 is divided by 27.
4
Calculate the remainder when 187781 is divided by 187772.
9
Calculate the remainder when 2645 is divided by 266.
251
What is the remainder when 1051 is divided by 31?
28
Calculate the remainder when 50133 is divided by 50116.
17
Calculate the remainder when 3357936 is divided by 39.
36
Calculate the remainder when 115627 is divided by 62.
59
Calculate the remainder when 198523 is divided by 359.
355
What is the remainder when 488872 is divided by 267?
262
What is the remainder when 75146 is divided by 10?
6
Calculate the remainder when 761247 is divided by 4.
3
Calculate the remainder when 852 is divided by 273.
33
What is the remainder when 18677 is divided by 4?
1
What is the remainder when 327182 is divided by 54?
50
Calculate the remainder when 3133 is divided by 267.
196
What is the remainder when 17914 is divided by 5970?
4
Calculate the remainder when 2573 is divided by 845.
38
Calculate the remainder when 304404 is divided by 27673.
1
Calculate the remainder when 31997 is divided by 1032.
5
What is the remainder when 83276 is divided by 23?
16
What is the remainder when 14924 is divided by 4726?
746
Calculate the remainder when 884628 is divided by 56.
52
Calculate the remainder when 8623 is divided by 4300.
23
What is the remainder when 4037 is divided by 330?
77
What is the remainder when 16822 is divided by 410?
12
Calculate the remainder when 27520 is divided by 9.
7
What is the remainder when 9788 is divided by 9662?
126
Calculate the remainder when 395360 is divided by 27.
26
Calculate the remainder when 475394 is divided by 294.
290
Calculate the remainder when 142422 is divided by 75.
72
What is the remainder when 129126 is divided by 301?
298
Calculate the remainder when 176933 is divided by 1862.
43
What is the remainder when 17490 is divided by 8737?
16
Calculate the remainder when 29795 is divided by 9930.
5
What is the remainder when 10687 is divided by 821?
14
What is the remainder when 4538 is divided by 751?
32
What is the remainder when 67266 is divided by 8406?
18
Calculate the remainder when 723119 is divided by 40.
39
What is the remainder when 14368 is divided by 18?
4
What is the remainder when 809396 is divided by 355?
351
Calculate the remainder when 5681 is divided by 5658.
23
Calculate the remainder when 60004 is divided by 496.
484
Calculate the remainder when 554753 is divided by 662.
659
Calculate the remainder when 70564 is divided by 69.
46
Calculate the remainder when 456139 is divided